{"id":2,"date":"2013-06-23T17:07:35","date_gmt":"2013-06-23T17:07:35","guid":{"rendered":"http:\/\/oykununfircasi.com\/?page_id=2"},"modified":"2021-01-03T22:46:33","modified_gmt":"2021-01-03T19:46:33","slug":"ornek-sayfa","status":"publish","type":"page","link":"http:\/\/oykununfircasi.com\/?page_id=2","title":{"rendered":"&#8230;"},"content":{"rendered":"\n<div class='mgl-justified-container'><style>\t#mgl-gallery-69f9fa186e983 {\t\tdisplay: none;\t\tmargin: -5px;\t}\t#mgl-gallery-69f9fa186e983 .mgl-item {\t\tmargin: 5px;\t}<\/style><div id='mgl-gallery-69f9fa186e983' class='mgl-gallery mgl-justified captions-none' style='--rh: 200px'><figure class=\"mgl-item\" style=\"--w: 800; --h: 447\">\n\t<div class=\"mgl-icon\">\n\t\t<div class=\"mgl-img-container\">\n\t\t\t\t\t\t\t<a href=\"http:\/\/oykununfircasi.com\/?attachment_id=717\">\n\t\t\t\t\t\t<img width=\"800\" height=\"447\" src=\"http:\/\/oykununfircasi.com\/wp-content\/uploads\/2021\/01\/20180319_133224.jpg\" class=\"wp-image-717\" alt=\"\" loading=\"lazy\" srcset=\"http:\/\/oykununfircasi.com\/wp-content\/uploads\/2021\/01\/20180319_133224.jpg 800w, http:\/\/oykununfircasi.com\/wp-content\/uploads\/2021\/01\/20180319_133224-300x168.jpg 300w, http:\/\/oykununfircasi.com\/wp-content\/uploads\/2021\/01\/20180319_133224-768x429.jpg 768w, http:\/\/oykununfircasi.com\/wp-content\/uploads\/2021\/01\/20180319_133224-690x386.jpg 690w\" sizes=\"(max-width: 800px) 80vw, 50vw\" \/>\t\t\t\t<\/a>\n\t\t\t\t\t<\/div>\n\t<\/div>\n\t<\/figure>\n<figure class=\"mgl-item\" style=\"--w: 1200; --h: 931\">\n\t<div class=\"mgl-icon\">\n\t\t<div class=\"mgl-img-container\">\n\t\t\t\t\t\t\t<a href=\"http:\/\/oykununfircasi.com\/?attachment_id=718\">\n\t\t\t\t\t\t<img width=\"1024\" height=\"794\" src=\"http:\/\/oykununfircasi.com\/wp-content\/uploads\/2021\/01\/Tunc-At.-1024x794.jpg\" class=\"wp-image-718\" alt=\"\" loading=\"lazy\" srcset=\"http:\/\/oykununfircasi.com\/wp-content\/uploads\/2021\/01\/Tunc-At.-1024x794.jpg 1024w, http:\/\/oykununfircasi.com\/wp-content\/uploads\/2021\/01\/Tunc-At.-300x233.jpg 300w, http:\/\/oykununfircasi.com\/wp-content\/uploads\/2021\/01\/Tunc-At.-768x596.jpg 768w, http:\/\/oykununfircasi.com\/wp-content\/uploads\/2021\/01\/Tunc-At.-690x535.jpg 690w, http:\/\/oykununfircasi.com\/wp-content\/uploads\/2021\/01\/Tunc-At.-980x760.jpg 980w, http:\/\/oykununfircasi.com\/wp-content\/uploads\/2021\/01\/Tunc-At..jpg 1200w\" sizes=\"(max-width: 800px) 80vw, 50vw\" \/>\t\t\t\t<\/a>\n\t\t\t\t\t<\/div>\n\t<\/div>\n\t<\/figure>\n<figure class=\"mgl-item\" style=\"--w: 996; --h: 1200\">\n\t<div class=\"mgl-icon\">\n\t\t<div class=\"mgl-img-container\">\n\t\t\t\t\t\t\t<a href=\"http:\/\/oykununfircasi.com\/?attachment_id=688\">\n\t\t\t\t\t\t<img width=\"850\" height=\"1024\" src=\"http:\/\/oykununfircasi.com\/wp-content\/uploads\/2019\/11\/Sigara-\u0130\u00e7en-Kad\u0131n-850x1024.jpg\" class=\"wp-image-688\" alt=\"\" loading=\"lazy\" srcset=\"http:\/\/oykununfircasi.com\/wp-content\/uploads\/2019\/11\/Sigara-\u0130\u00e7en-Kad\u0131n-850x1024.jpg 850w, http:\/\/oykununfircasi.com\/wp-content\/uploads\/2019\/11\/Sigara-\u0130\u00e7en-Kad\u0131n-249x300.jpg 249w, http:\/\/oykununfircasi.com\/wp-content\/uploads\/2019\/11\/Sigara-\u0130\u00e7en-Kad\u0131n-768x925.jpg 768w, http:\/\/oykununfircasi.com\/wp-content\/uploads\/2019\/11\/Sigara-\u0130\u00e7en-Kad\u0131n.jpg 996w\" sizes=\"(max-width: 800px) 80vw, 50vw\" \/>\t\t\t\t<\/a>\n\t\t\t\t\t<\/div>\n\t<\/div>\n\t<\/figure>\n<figure class=\"mgl-item\" style=\"--w: 512; --h: 512\">\n\t<div class=\"mgl-icon\">\n\t\t<div class=\"mgl-img-container\">\n\t\t\t\t\t\t\t<a href=\"http:\/\/oykununfircasi.com\/?attachment_id=673\">\n\t\t\t\t\t\t<img width=\"512\" height=\"512\" src=\"http:\/\/oykununfircasi.com\/wp-content\/uploads\/2018\/09\/cropped-K\u00f6pek.jpg\" class=\"wp-image-673\" alt=\"\" loading=\"lazy\" srcset=\"http:\/\/oykununfircasi.com\/wp-content\/uploads\/2018\/09\/cropped-K\u00f6pek.jpg 512w, http:\/\/oykununfircasi.com\/wp-content\/uploads\/2018\/09\/cropped-K\u00f6pek-150x150.jpg 150w, http:\/\/oykununfircasi.com\/wp-content\/uploads\/2018\/09\/cropped-K\u00f6pek-300x300.jpg 300w, http:\/\/oykununfircasi.com\/wp-content\/uploads\/2018\/09\/cropped-K\u00f6pek-96x96.jpg 96w, http:\/\/oykununfircasi.com\/wp-content\/uploads\/2018\/09\/cropped-K\u00f6pek-24x24.jpg 24w, http:\/\/oykununfircasi.com\/wp-content\/uploads\/2018\/09\/cropped-K\u00f6pek-36x36.jpg 36w, http:\/\/oykununfircasi.com\/wp-content\/uploads\/2018\/09\/cropped-K\u00f6pek-48x48.jpg 48w, http:\/\/oykununfircasi.com\/wp-content\/uploads\/2018\/09\/cropped-K\u00f6pek-64x64.jpg 64w, http:\/\/oykununfircasi.com\/wp-content\/uploads\/2018\/09\/cropped-K\u00f6pek-270x270.jpg 270w, http:\/\/oykununfircasi.com\/wp-content\/uploads\/2018\/09\/cropped-K\u00f6pek-192x192.jpg 192w, http:\/\/oykununfircasi.com\/wp-content\/uploads\/2018\/09\/cropped-K\u00f6pek-180x180.jpg 180w, http:\/\/oykununfircasi.com\/wp-content\/uploads\/2018\/09\/cropped-K\u00f6pek-32x32.jpg 32w\" sizes=\"(max-width: 800px) 80vw, 50vw\" \/>\t\t\t\t<\/a>\n\t\t\t\t\t<\/div>\n\t<\/div>\n\t<\/figure>\n<figure class=\"mgl-item\" style=\"--w: 2597; --h: 3640\">\n\t<div class=\"mgl-icon\">\n\t\t<div class=\"mgl-img-container\">\n\t\t\t\t\t\t\t<a href=\"http:\/\/oykununfircasi.com\/?attachment_id=664\">\n\t\t\t\t\t\t<img width=\"731\" height=\"1024\" src=\"http:\/\/oykununfircasi.com\/wp-content\/uploads\/2019\/10\/EBE886EC-E656-40A7-8C8F-AE1387706BB2-731x1024.jpeg\" class=\"wp-image-664\" alt=\"\" loading=\"lazy\" srcset=\"http:\/\/oykununfircasi.com\/wp-content\/uploads\/2019\/10\/EBE886EC-E656-40A7-8C8F-AE1387706BB2-731x1024.jpeg 731w, http:\/\/oykununfircasi.com\/wp-content\/uploads\/2019\/10\/EBE886EC-E656-40A7-8C8F-AE1387706BB2-214x300.jpeg 214w, http:\/\/oykununfircasi.com\/wp-content\/uploads\/2019\/10\/EBE886EC-E656-40A7-8C8F-AE1387706BB2-768x1076.jpeg 768w\" sizes=\"(max-width: 800px) 80vw, 50vw\" \/>\t\t\t\t<\/a>\n\t\t\t\t\t<\/div>\n\t<\/div>\n\t<\/figure>\n<\/div><\/div>\n","protected":false},"excerpt":{"rendered":"","protected":false},"author":1,"featured_media":0,"parent":0,"menu_order":0,"comment_status":"open","ping_status":"open","template":"","meta":{"ngg_post_thumbnail":0},"_links":{"self":[{"href":"http:\/\/oykununfircasi.com\/index.php?rest_route=\/wp\/v2\/pages\/2"}],"collection":[{"href":"http:\/\/oykununfircasi.com\/index.php?rest_route=\/wp\/v2\/pages"}],"about":[{"href":"http:\/\/oykununfircasi.com\/index.php?rest_route=\/wp\/v2\/types\/page"}],"author":[{"embeddable":true,"href":"http:\/\/oykununfircasi.com\/index.php?rest_route=\/wp\/v2\/users\/1"}],"replies":[{"embeddable":true,"href":"http:\/\/oykununfircasi.com\/index.php?rest_route=%2Fwp%2Fv2%2Fcomments&post=2"}],"version-history":[{"count":8,"href":"http:\/\/oykununfircasi.com\/index.php?rest_route=\/wp\/v2\/pages\/2\/revisions"}],"predecessor-version":[{"id":794,"href":"http:\/\/oykununfircasi.com\/index.php?rest_route=\/wp\/v2\/pages\/2\/revisions\/794"}],"wp:attachment":[{"href":"http:\/\/oykununfircasi.com\/index.php?rest_route=%2Fwp%2Fv2%2Fmedia&parent=2"}],"curies":[{"name":"wp","href":"https:\/\/api.w.org\/{rel}","templated":true}]}}